 452. What is the tens digit of g?
0
Let t(p) = p**3 - 9*p**2 + 35*p - 8. What is the tens digit of t(19)?
6
Let z be 3170/20 + (-3)/(-6). Let u = z - -104. What is the hundreds digit of u?
2
Suppose 0*b - 16 = -4*b. Suppose -b*p + p + 51 = 0. What is the tens digit of p?
1
Let h be 147/12 - (-6)/8. Suppose -2 = q - h. Suppose -107 = -6*t - q. What is the tens digit of t?
1
Let c(h) = 2*h**3 + 4*h**2 - 2*h - 11. What is the hundreds digit of c(8)?
2
What is the hundreds digit of (3 + (-41 - 8))*22/(-2)?
5
Let z(q) = q**3 - q**2 - 14*q + 2611. What is the tens digit of z(0)?
1
Let r(g) = -g**2 - 5*g + 4. Let d(a) = a**3 + 7*a**2 - 6*a + 11. Let p be d(-8). Let b be r(p). Suppose -b*i + 44 + 16 = 0. What is the tens digit of i?
1
Suppose 6*u - 15 = 9. What is the units digit of (36/(-54))/(u/(-18))?
3
Let y = -46 + 53. Suppose -3*w = y - 205. What is the units digit of w?
6
Let h(w) = -3*w**3 - 10*w**2 - 18*w - 38. What is the thousands digit of h(-12)?
3
Suppose 0 = -17*l + 41*l - 45120. What is the thousands digit of l?
1
Let q be (-10)/(-3)*3/2. Suppose 3*i + 3*r = 9 + 3, 5*r = -q. Suppose b - 9 + i = 0. What is the units digit of b?
4
Let x(d) = 9*d + 4. Let g be x(0). Suppose -2*v = -v - j - 60, -3*v = -g*j - 177. What is the tens digit of v?
6
Suppose -44*b + 43*b + 5*n = -708, 0 = b - n - 688. What is the hundreds digit of b?
6
Suppose -7*k + 1445 = -116. What is the units digit of k?
3
What is the tens digit of ((-154)/(-275)*-35)/(2/(-40))?
9
Let q = 8 + -2. Let n(g) = -3 - 2*g - 2 + 2 + g**2. What is the units digit of n(q)?
1
Let c = -959 - -2346. Suppose -c = -6*r + 11. Suppose 4*x - 1 = 3, 5*q - 2*x = r. What is the tens digit of q?
4
What is the units digit of 9708*((-44)/(-4))/22?
4
Let p(j) = 31*j - j + 24*j - 34. What is the units digit of p(6)?
0
Let b = -509 + 1102. What is the tens digit of b?
9
Let h(a) = a**3 + 10*a**2 + 7*a - 16. Let g be h(-9). Let v be ((g + -2)/1)/1. Suppose 4*x + 13 - 101 = v. What is the tens digit of x?
2
Let v(g) = -g**2 - 12*g - 13. Let x be v(-10). Let i(m) = 3*m**2 - 5*m + 2. Let f be i(x). Suppose -4*y + y = -f. What is the tens digit of y?
3
Suppose -8*b + 3*b = -3*j - 79, -4*j = -3*b + 54. Let l = 10 - b. What is the units digit of (2/5)/(l/(-100))?
0
Suppose 6*z - 5*z = 6*z. Suppose 0 = 5*j + 2*q - 684, q + z = -3. What is the units digit of j?
8
Suppose p - 4*y + 54 = 0, -5*p + 2*y = y + 289. Let t = p - -99. What is the units digit of t?
1
Let j(o) = 86 + 20*o + 18*o - 37*o. What is the units digit of j(0)?
6
Suppose 4*s + c = -30, 5*s - 2*c + 3 = -28. Let x(d) = -d + 1. Let n(y) = 2*y - 7. Let z(u) = n(u) + 5*x(u). What is the tens digit of z(s)?
1
Suppose -2*h + 1061 = 5*r, -4*h + r - 2664 = -9*h. Suppose 5*q + 4*z - h = 0, 3*q + 4*z - 428 = -q. What is the units digit of q?
5
Let q(h) = 0*h + 6 + 2*h**2 - 6*h - 4*h**2 + 4*h**3. Let n be q(5). What is the units digit of n/15 + 6/(-15)?
8
Suppose -39403 = -48*l + 25397. What is the thousands digit of l?
1
What is the tens digit of 29 + 11 + -1 + -5?
3
Let g be 2*((-10)/(-4) - 1). What is the units digit of (-519)/(-15) - g/5?
4
Let h = -38 + 53. Let b be ((-390)/25)/((-3)/10). Suppose 0 = o - b - h. What is the units digit of o?
7
Let q(m) = -m**2 - m + 69. Let o be q(0). Suppose -7*n + 2*n + a = -o, -4*n = -4*a - 52. Suppose 0 = -n*p + 11*p + 57. What is the units digit of p?
9
Suppose 0 = -6*z + 2*z - 2*l + 2, 5*z = -5*l - 10. Suppose p - w - 8 = -z*w, 2*w + 40 = 5*p. What is the units digit of -1 + 6*4/p?
2
Let h be ((-45)/(-6))/((-15)/(-20)). Let j be -15*(-1)/((-6)/(-14)). Suppose h = 5*k - j. What is the units digit of k?
9
What is the tens digit of 5 + -9 + (-30576)/(-7)?
6
Suppose -2*o = 3*i - 43, 3*i - 48 = o + 2*o. Suppose 34 = i*z - 14*z. What is the units digit of z?
4
Suppose -4080 = -19*v + 11*v. What is the hundreds digit of v?
5
Let x(n) = -n**3 - 4*n**2 - 10*n + 2. Let m be x(-8). Suppose -s + f + 65 = -4, m = 5*s + 2*f. What is the units digit of s?
8
What is the tens digit of 244536/42 + 44/(-154)?
2
Suppose -4*q = 12, -104 - 688 = -a - 2*q. What is the tens digit of a?
9
Let g be 3*(48/9)/(-4). What is the hundreds digit of (2 - 3/(-12)*g) + 107?
1
Suppose 5*m - 3*q - 45 = 0, 0 = -4*m + q + 12 + 31. Suppose 3*s - m = 6. Suppose -5*i = -s*p + p + 45, -2*i + 17 = 3*p. What is the units digit of p?
7
Let i(z) = -34*z**3 - 3*z**2 + 4*z - 14. What is the tens digit of i(-5)?
4
Let y(g) = 2*g + 14. Let n be y(-6). Suppose n + 1 = d. What is the units digit of d?
3
Let s(f) = 9*f + 41. Let z be s(-5). Suppose -5*h - 2*g + 8 = -17, h = -3*g + 18. What is the units digit of z/(-24)*h*46?
3
Let l(q) be the first derivative of -q**4/2 - q**2 - q + 6. Let y be l(-1). Suppose -j + 19 = y*k, 2*k = -2*j - 3*k + 42. What is the units digit of j?
1
Let q = -15 - -18. Suppose q = -4*v + 7. What is the units digit of v?
1
Let v(s) = -4*s - 30. Let a be v(-9). What is the hundreds digit of -18*(-2 - 62/a)?
2
Let o(y) = y**3 + 27*y**2 + 64*y + 9. What is the tens digit of o(-14)?
6
Suppose -9*c + 1580 = c. Let y = -41 + c. What is the hundreds digit of y?
1
Let x = -246 - -251. Let w = 6 + -4. Suppose -o + 6 - w = 0, x*u - 83 = 3*o. What is the units digit of u?
9
Suppose -4*f + 5*k + 1095 + 1265 = 0, -4*k - 2959 = -5*f. Suppose -j = 4*j + 4*h - f, -2*j - h + 238 = 0. What is the units digit of j?
9
Suppose 242 = -3*q + 638. Suppose -3*v + 7*v - 480 = -4*b, -b + 5*v = -q. What is the units digit of b?
2
Let l = 150 - -357. What is the tens digit of l?
0
Let r = 23 - 21. Suppose -b = -r*b - 12. What is the tens digit of -4*(1 - (-153)/b)?
4
Suppose -11 = -2*r + r. Let z(g) = 4*g - 10. Let l be z(r). Suppose -5*d - 25 = -2*q, 3*q - l - 10 = d. What is the units digit of q?
5
Let v(f) = -47*f - 40. What is the hundreds digit of v(-12)?
5
Suppose -3*h = 6, -25*h = -4*y - 30*h + 10194. What is the tens digit of y?
5
Suppose -k + 4*n = 13, n - 5*n = 5*k - 55. Suppose -k*p = -4*p - 6. Suppose 4*y = -5*r + 108, 0 = 2*r + p*y - 32 - 10. What is the tens digit of r?
2
Suppose 9 = 12*k - 13*k. Let t(g) = -11*g - 21. What is the units digit of t(k)?
8
Let g = 2699 - 1591. What is the thousands digit of g?
1
Let k = 1631 - 1108. What is the hundreds digit of k?
5
Let r be (6/9)/(3/54). Let b(c) = 13*c + 54. What is the tens digit of b(r)?
1
Suppose c = -o - 28, 4*o + 123 = -5*c - 17. Let x = -37 + c. Let v = 108 + x. What is the tens digit of v?
4
Let s = -186 - -278. What is the tens digit of s?
9
Let f = -47 - -124. What is the tens digit of f?
7
Let r(l) = -38*l + 44. What is the tens digit of r(-11)?
6
What is the hundreds digit of (-2348)/(-4) - -11 - 0?
5
Let q be 0*3/12 - -2. Let h be (-2)/q*(3 - 6). What is the units digit of 130/6 - h/(-9)?
2
Let v = 2 - 7. Let f(m) = -1 - m**3 + 1 + 2*m - 5*m**2 - 9*m + 1. What is the tens digit of f(v)?
3
Suppose -9*s = -3902 - 4837. What is the tens digit of s?
7
What is the tens digit of (0 + -2)*(-2693)/2?
9
What is the tens digit of -5 + (91 - (-1 - -4))?
8
Let x(q) = 42*q**2 - q. Let t(o) = -14*o**2. Let w(j) = -7*t(j) - 2*x(j). What is the tens digit of w(1)?
1
Let n(p) = 5576*p**2 - 34*p + 34. What is the tens digit of n(1)?
7
Let c be (-2)/(-2) - (123 - -1). Let m = 267 - 330. Let q = m - c. What is the units digit of q?
0
Let k(s) = -s**2 - 9*s + 9. Let i be k(-9). Suppose r + 6 = i. Suppose n - r*n = -62. What is the tens digit of n?
3
Suppose 0*i = -4*i. Let b be 2/4 + 999/18. Suppose 3*j + 5*r + i = b, -2*j - 2*r + 40 = 0. What is the units digit of j?
2
Suppose -2 = -0*p + p. Let s = 4 + p. Suppose 0*w + 16 = s*w. What is the units digit of w?
8
Let l(r) = r**2 + 6*r + 4. Suppose 0 = 2*b + 4. Let a be (-26)/4 + 1/b. What is the units digit of l(a)?
1
Suppose -2*m + 92 = -248. Suppose 7*l = 2*l + m. Let q = l + -12. What is the tens digit of q?
2
Let y(x) = 16*x**3 - 2*x**2 + 2*x - 3. Let h be y(2). Suppose -3*r = -2*n + h, 162 = -4*r + 2*n + n. Let a = r - -66. What is the units digit of a?
7
What is the tens digit of (-645)/(-2) - (-2)/(8/(-2))?
2
Suppose -t + n = t - 258, 5*t - 3*n - 644 = 0. Suppose -j + 3*j = t. What is the units digit of j?
5
Let z(g) = -131*g + 31. What is the hundreds digit of z(-5)?
6
Suppose -12 + 37 = 5*d. Suppose 3*b + 5*c = -9, -d*b - 13 = -10*b + c. What is the 